 first derivative of b**4/4 + b**3 - 3*b**2/2 - b + 3. Determine i(q).
-5
Let c(d) = -d**2 - 8*d - 3. Let y = 18 + -18. Suppose -2*v - 13 + 1 = y. Let i(h) = h**2 + 6*h - 5. Let p be i(v). Calculate c(p).
12
Let u(v) = -3*v - v + 6*v - v + 2 + 2*v. Determine u(11).
35
Let b(o) be the first derivative of 1/3*o**3 + 1 + 9*o + 7/2*o**2. Let g(d) = d**2 + 7*d + 6. Let i be g(-4). What is b(i)?
3
Suppose -m + 4 = -3. Suppose -5*k + 37 = m. Let r be -3 + (k - 3) - 6. Let w(t) = -3*t - 8. What is w(r)?
10
Let f(k) = -12*k**2 + 3*k + 9. Let d(i) = -7*i**2 + 2*i + 5. Let l(j) = 7*d(j) - 4*f(j). Let n be 19/7 - 12/(-42). Determine l(n).
-4
Let g(b) be the second derivative of 2*b**2 + 0 - 7/12*b**4 - 1/20*b**5 + 39*b - 2/3*b**3. Determine g(-6).
-8
Let n = 55 + -45. Let h be (4 - 3)/((-2)/n). Let b(x) be the third derivative of -x**6/120 - x**5/12 - x**3/6 + x**2. What is b(h)?
-1
Let m(l) = -2*l**3 + 8*l**2 + l - 9. Let v(g) = -g**3 + 8*g**2 + 4*g - 8. Let f(c) = -2*m(c) + 3*v(c). Calculate f(-6).
6
Suppose 14*i - 18*i + 24 = 0. Suppose 9*t - i*t = 0. Let s(a) = 3*a + t - 5 - 2*a - 3*a. Determine s(-6).
7
Let q(i) = -10*i + 9. Suppose 4*f = 5*a - 7, a - 6 = -3*f - 16. What is q(f)?
39
Let i(n) be the third derivative of n**7/2520 + 11*n**6/720 + n**5/24 + n**4/12 + 6*n**2. Let l(v) be the second derivative of i(v). Determine l(-10).
-5
Let p(b) be the second derivative of -1/2*b**2 - 1/6*b**3 + 1/20*b**5 + 0 - 4*b + 1/6*b**4. Let m be p(-1). Let c(w) = -w**3. Give c(m).
-1
Let p = 20 - 18. Let l(b) = 5*b**3 - 2 - 2 + 5*b - 200*b**2 + 210*b**p. Let u(m) = -m**3 - m**2. Let d(o) = l(o) + 4*u(o). What is d(-4)?
8
Suppose 3*x + 274 = 76. Let h = x - -73. Let m(w) = w**2 - 6*w - 7. Calculate m(h).
0
Let v(w) = -w. Suppose 3*j - 19 = 2*z, -3*j - 5*z + 8*z + 21 = 0. Calculate v(j).
-5
Let u(v) = -6*v**3 - 12*v**2 + 2*v - 2. Let i = 103 - 99. Let n(t) = -5*t**3 - 11*t**2 + 3*t - 3. Let y(a) = i*u(a) - 5*n(a). Determine y(-8).
-1
Suppose b - 109 = -4*r, 0*r + 2*r - 3*b = 37. Let m(i) = i**3 - 26*i**2 + 2*i - 54. Let p be m(r). Let t(k) = 5*k + 3. Determine t(p).
-7
Let y(u) = -11*u - 5. Let f be (-92)/(-115) + (-18)/10. What is y(f)?
6
Let u be (16/4)/(3 - 2). Let i = u - 2. Let x(o) = 0*o + 1 + 3*o**2 - 2*o + 0*o. Give x(i).
9
Suppose 4 = 2303*o - 2302*o. Let f(c) = 6*c + 6. Calculate f(o).
30
Let v(l) = -10*l**2 + 11*l - 13. Let d be 66/(-9) + (2 - (-5)/(-3)). Let f(y) = 3*y**2 - 4*y + 4. Let r(q) = d*f(q) - 2*v(q). Calculate r(3).
7
Let t(h) = -h**2 - 2*h - 8. Let m(c) = 2*c**2 - 24*c + 58. Let i be m(4). What is t(i)?
-32
Suppose 3*m - 11*m - 272 = 0. Let v = m + 29. Let j(y) = y**3 + 6*y**2 + 5*y - 7. Calculate j(v).
-7
Let u(h) = -h**3 + 4*h**2 - 3*h - 2. Suppose -2*t = -0*t - 2*g - 34, -3*g = -4*t + 63. Suppose -8*x = -t*x. Suppose 3*q - 5 - 4 = x. Calculate u(q).
-2
Let i(g) = -5 - g - 8*g + 19*g - 13*g. What is i(-2)?
1
Let r(g) = g**2 + 3*g - 5. Suppose 17*a + 20 = -82. Calculate r(a).
13
Let g(j) = -j**3 - 5*j**2 - 5*j - 6. Let f(a) = 30*a. Let m be f(1). Let d(z) = z**2 + 30*z + 27. Let b be d(-29). Let o be b/3 - m/9. Determine g(o).
-2
Suppose 0 = -3*h - 2*h + 4*t - 30, 4*t - 18 = 3*h. Let x(k) = -k. Calculate x(h).
6
Let x(g) = g**2 - 4*g + 4. Let u(i) = -i**3 + 11*i**2 - 17*i - 6. Let y be u(9). What is x(y)?
1
Let w(c) be the second derivative of c**4/12 - 2*c**3/3 - 3*c**2/2 - 16*c - 1. Determine w(6).
9
Let k(h) = -13*h**2 - h + 16*h**2 - 8*h**2. Let u(a) = a**2 - 2*a - 4. Let y be u(3). What is k(y)?
-4
Let m(u) = -29*u - 1 + 9 + 27*u**2 + 10 - 2 - 29*u**2. What is m(-15)?
1
Suppose 5*b = -25, 5*b - 7 = 3*o - 44. Suppose -3*d + o = -14. Let u(l) = -l**3 + 7*l**2 - 6*l - 7. What is u(d)?
-7
Let y(k) = k - 3. Let o be y(-9). Let a = -9 - o. Let c(s) be the third derivative of -s**4/6 - s**3/6 + s**2. What is c(a)?
-13
Let u(n) = n**2 + 12*n + 32. Let k be u(-4). Let r(h) = 3*h - 14. What is r(k)?
-14
Let d(k) = -10*k - 42. Let u be d(-5). Let w(j) = j**3 - 10*j**2 + 10*j - 6. Calculate w(u).
-54
Let y(k) = -15*k - 3. Let n(q) = 26*q + 5. Let z(g) = -4*n(g) - 7*y(g). Calculate z(-4).
-3
Let j(c) = 2 - 4*c + 2*c**2 - 5*c**2 + 5*c**2. Suppose -3*y - 12 = -5*r, 7 = -3*r - y + 3. Let v = 2 - r. Calculate j(v).
2
Let w(z) = -1. Let t(u) = 10*u - 5 + 0 + 5 - 4. Let g(n) = -t(n) + 5*w(n). Calculate g(-1).
9
Let j(v) = v**2 - 16*v + 16. Suppose -315 + 105 = -15*l. What is j(l)?
-12
Suppose 4 = 3*m - m. Let u(k) = 2*k**m - 4 - 16*k + 15*k + k**2 - 2*k**2. What is u(-3)?
8
Let t(s) = 6*s - 3. Let a be t(1). Let x(p) = -2*p - 7 + a*p + 15. Calculate x(0).
8
Let q(u) be the second derivative of u**5/20 - 5*u**4/12 - u**3/6 - 3*u**2/2 - u. Let f be ((-1)/(3/(-4)))/(30/(-45)). Let k be 5*(f - (-4 - -1)). Give q(k).
-8
Let r be 7/(-2)*(-3)/(63/24). Suppose 8 = 6*d - r. Let g(n) = -n + 2. What is g(d)?
0
Let m be (-13)/(-6) - 1*1/6. Suppose -4*n + 14 = -m. Let d(i) = -i**3 + 3*i**2 - 2*i + 6. Calculate d(n).
-18
Let s(u) = -u**3 + u**2 - 2*u + 3. Let b be -3 + 8/(-9)*27/(-6). Determine s(b).
1
Let f(h) = 5*h. Let q(j) = -2*j + 11. Let k be q(5). What is f(k)?
5
Let o(r) = -39*r**2 + 17*r**2 - 2 + 18*r**2 + 5*r. Let d(x) = x**2 + 1. Let c(l) = -3*d(l) - o(l). Calculate c(6).
5
Let r(k) be the second derivative of k**5/20 + 7*k**4/6 + 7*k**3/3 + 19*k**2/2 - 2*k - 175. Calculate r(-13).
6
Suppose -h - 3*h = 0. Suppose h = -4*z + 2*z + 4. Let m(p) be the first derivative of p**3/3 - 3*p**2/2 - 2*p - 1. Determine m(z).
-4
Let s(c) = -c**3 + 11*c**2 - 13*c + 11. Suppose 20 = 24*k - 22*k. Give s(k).
-19
Let l(s) = 2*s**2 - s + 4. Suppose 4*o + 10 = 4*n + 5*o, -3*o - 18 = -4*n. Give l(n).
19
Suppose -3*s = -0*s - m + 47, 4 = -s - 2*m. Let f = s - -18. Let x(l) = l**3 - 5*l**2 + 5*l - 6. Give x(f).
-2
Suppose -16*i - k = -20*i + 16, 0 = i + 2*k + 5. Let t(n) = -3*n**2 - 2*n - 3. What is t(i)?
-36
Let n(p) = 2*p**2 - 3*p + 1. Let l be 6/(-2)*(-6 - -7) + 6. Calculate n(l).
10
Let d(v) be the second derivative of v**4/12 + v**3 - v**2 - v + 122. Let k(a) = -a**3 - 4*a**2 - 2*a - 3. Let u be k(-3). What is d(u)?
-2
Let w be (-44)/(-10) + 2/(-5). Let q = 179 + -175. Suppose q*r - f = -24 - 5, -w*r = -2*f + 34. Let b(i) = -i. Give b(r).
6
Let d(z) = 15*z - 5. Let n(l) = 10*l - 3. Suppose -7*i = -4*i + 15. Let y(f) = i*d(f) + 8*n(f). Determine y(4).
21
Let c(j) = -2*j + 3. Let d = 336 + -333. Determine c(d).
-3
Let o = -98 + 89. Let a(v) = 2*v + 17. What is a(o)?
-1
Let z(g) be the second derivative of g**6/120 + 2*g**5/15 + 7*g**4/24 - 4*g**3/3 + 11*g**2/2 + 12*g. Let r(w) be the first derivative of z(w). What is r(-7)?
-8
Let y(r) be the first derivative of r**2/2 + 8*r - 39. Calculate y(-14).
-6
Let s(v) be the third derivative of -v**7/5040 + 7*v**6/720 - 19*v**5/60 + 27*v**2. Let x(d) be the third derivative of s(d). Calculate x(-5).
12
Let p(l) = -l + 17. Let m be p(12). Let h(g) = -10*g - 3. Let r(f) = -7*f - 2. Let a(d) = m*h(d) - 8*r(d). Calculate a(-1).
-5
Let r(s) = 4*s**2 + 2*s - 1. Let o be (-21)/(-3)*18/(-7) + 3. Let x(h) = h + 17. Let a be x(o). Calculate r(a).
19
Let z(c) be the second derivative of c**5/20 - c**4/12 - 2*c**3/3 + c**2/2 - 33*c. Let i be z(-2). Let q(p) = -p - 1. What is q(i)?
2
Let i(v) = v**3 + 6*v**2 + v - 1. Let y = 24 + -11. Suppose -2*w + 4*a = -2, 2*w - 4*a + y = -3*a. Let o = 3 + w. Calculate i(o).
-7
Let n(q) = q**3 + 10*q**2 + 17*q - 28. Let h be n(-7). Let v(y) = y**3 - y - 1. Calculate v(h).
-1
Let u(q) = q - 23. Let b(o) = -o**2 + 8*o + 10. Let h be b(0). Give u(h).
-13
Suppose -28*j + 137 = -31. Let z(h) be the third derivative of h**5/60 - h**4/4 + 4*h**3/3 + 3*h**2. Calculate z(j).
8
Let s be 13/5 - 4/(-10). Suppose -s*b = -3*r, 3*b = -2*r - 0*r + 25. Let l(j) = -j**2 + 5*j + 1. Determine l(r).
1
Let o(s) = 45*s. Let i be o(1). Let v be (-8)/(-2)*30/8. Suppose v = -w + 2*d - 0, i = -4*w + 5*d. Let x(q) = -q - 10. Give x(w).
-5
Suppose 5*g + 4*q = 7*g + 34, 3*g = 2*q - 31. Let r(i) = -i**2 - 9*i - 2. Give r(g).
12
Suppose 29*q = -425 - 68. Let s(z) = -z**3 - 16*z**2 + 16*z - 17. Determine s(q).
0
Let s(o) be the first derivative of -o**5/60 - o**4/24 + o**3/6 - 15*o**2/2 + 18. Let w(m) be the second derivative of s(m). What is w(-4)?
-11
Let t(f) = -2*f**2 + f + 3. Let v be t(-1). Let p(d) be the second derivative of 1/20*d*